{"id":7,"date":"2024-09-10T00:36:01","date_gmt":"2024-09-10T00:36:01","guid":{"rendered":"https:\/\/trukkisikanen.fi\/?page_id=7"},"modified":"2025-03-03T19:49:25","modified_gmt":"2025-03-03T17:49:25","slug":"etusivu","status":"publish","type":"page","link":"https:\/\/trukkisikanen.fi\/etusivu\/","title":{"rendered":"Etusivu"},"content":{"rendered":"\t\t<div data-elementor-type=\"wp-post\" data-elementor-id=\"7\" class=\"elementor elementor-7\">\n\t\t\t\t<div class=\"elementor-element elementor-element-5c3c483 e-flex e-con-boxed e-con e-parent\" data-id=\"5c3c483\" data-element_type=\"container\">\n\t\t\t\t\t<div class=\"e-con-inner\">\n\t\t\t\t<div class=\"elementor-element elementor-element-9594c0b elementor-widget elementor-widget-heading\" data-id=\"9594c0b\" data-element_type=\"widget\" data-widget_type=\"heading.default\">\n\t\t\t\t<div class=\"elementor-widget-container\">\n\t\t\t\t\t<h1 class=\"elementor-heading-title elementor-size-default\">Onko yrityksell\u00e4si ty\u00f6turvallisuuteen tai trukkien turvalliseen k\u00e4ytt\u00f6\u00f6n liittyvi\u00e4 koulutustarpeita? <\/h1>\t\t\t\t<\/div>\n\t\t\t\t<\/div>\n\t\t\t\t<div class=\"elementor-element elementor-element-4dd8271 elementor-widget elementor-widget-spacer\" data-id=\"4dd8271\" data-element_type=\"widget\" data-widget_type=\"spacer.default\">\n\t\t\t\t<div class=\"elementor-widget-container\">\n\t\t\t\t\t\t\t<div class=\"elementor-spacer\">\n\t\t\t<div class=\"elementor-spacer-inner\"><\/div>\n\t\t<\/div>\n\t\t\t\t\t\t<\/div>\n\t\t\t\t<\/div>\n\t\t\t\t<div class=\"elementor-element elementor-element-963640c elementor-widget elementor-widget-text-editor\" data-id=\"963640c\" data-element_type=\"widget\" data-widget_type=\"text-editor.default\">\n\t\t\t\t<div class=\"elementor-widget-container\">\n\t\t\t\t\t\t\t\t\t<h3 class=\"elementor-heading-title elementor-size-default elementor-inline-editing pen\" style=\"font-family: var( --e-global-typography-primary-font-family ), Sans-serif; font-weight: var( --e-global-typography-primary-font-weight ); color: var( --e-global-color-primary ); text-align: center;\" data-elementor-setting-key=\"title\" data-pen-placeholder=\"Kirjoita t\u00e4h\u00e4n...\">Tarjoamme seuraavanlaisia koulutuksia:<\/h3><ul style=\"text-align: left;\"><li>Verkkotrukkikoulutus,\u00a0 L\u00e4hitrukkikoulutus. My\u00f6s pelkk\u00e4 trukinajoharjoittelu mahdollisuus tarvittaessa ja siihen p\u00e4\u00e4lle esim. Teoriat verkossa. Kysy lis\u00e4\u00e4 jouni@trukkisikanen.fi p. 0405170155<\/li><li>Henkil\u00f6nostot trukeilla, Henkil\u00f6nostinkurssit, Esihenkil\u00f6vastuut &#8221;Pelastavat dokumentit&#8221; kuntoon.<\/li><li>TTK-Ty\u00f6turvallisuuskorttikoulutukset s\u00e4\u00e4nn\u00f6sten mukaan tarvittaessa yrityksen tiloissa ja eri kielill\u00e4.<br \/><ul style=\"text-align: left;\"><li>Turvallisuuskortit, SPEK, AS-1 kurssinjohtajakoulutus, AS-1 alkusammutus<\/li><li>Kysy my\u00f6s Trafi Kuorma-ja linja-autonkuljettajien ammattip\u00e4tevyys jatkokoulutus p\u00e4ivi\u00e4.\u00a0<\/li><\/ul><\/li><\/ul><p style=\"text-align: center;\"><b>Ota yhteys ja pyyd\u00e4 tarjous!<\/b><\/p>\t\t\t\t\t\t\t\t<\/div>\n\t\t\t\t<\/div>\n\t\t<div class=\"elementor-element elementor-element-6a7f441 e-grid e-con-full e-con e-child\" data-id=\"6a7f441\" data-element_type=\"container\">\n\t\t\t\t<div class=\"elementor-element elementor-element-4da572d elementor-widget elementor-widget-image\" data-id=\"4da572d\" data-element_type=\"widget\" data-widget_type=\"image.default\">\n\t\t\t\t<div class=\"elementor-widget-container\">\n\t\t\t\t\t\t\t\t\t\t\t\t\t\t\t<img fetchpriority=\"high\" decoding=\"async\" width=\"750\" height=\"1000\" src=\"https:\/\/trukkisikanen.fi\/wp-content\/uploads\/2024\/09\/JouniSikanen-JKR_7297-EDITED-1.jpg\" class=\"attachment-full size-full wp-image-194\" alt=\"\" srcset=\"https:\/\/trukkisikanen.fi\/wp-content\/uploads\/2024\/09\/JouniSikanen-JKR_7297-EDITED-1.jpg 750w, https:\/\/trukkisikanen.fi\/wp-content\/uploads\/2024\/09\/JouniSikanen-JKR_7297-EDITED-1-225x300.jpg 225w\" sizes=\"(max-width: 750px) 100vw, 750px\" \/>\t\t\t\t\t\t\t\t\t\t\t\t\t\t\t<\/div>\n\t\t\t\t<\/div>\n\t\t\t\t<div class=\"elementor-element elementor-element-bd3aa6c elementor-hidden-mobile elementor-hidden-tablet elementor-widget elementor-widget-image\" data-id=\"bd3aa6c\" data-element_type=\"widget\" data-widget_type=\"image.default\">\n\t\t\t\t<div class=\"elementor-widget-container\">\n\t\t\t\t\t\t\t\t\t\t\t\t\t\t\t<img decoding=\"async\" width=\"1252\" height=\"1376\" src=\"https:\/\/trukkisikanen.fi\/wp-content\/uploads\/2024\/09\/JouniLogo-valmis-2024-09-08-kello-15.30.00.png\" class=\"attachment-full size-full wp-image-17\" alt=\"\" srcset=\"https:\/\/trukkisikanen.fi\/wp-content\/uploads\/2024\/09\/JouniLogo-valmis-2024-09-08-kello-15.30.00.png 1252w, https:\/\/trukkisikanen.fi\/wp-content\/uploads\/2024\/09\/JouniLogo-valmis-2024-09-08-kello-15.30.00-273x300.png 273w, https:\/\/trukkisikanen.fi\/wp-content\/uploads\/2024\/09\/JouniLogo-valmis-2024-09-08-kello-15.30.00-932x1024.png 932w, https:\/\/trukkisikanen.fi\/wp-content\/uploads\/2024\/09\/JouniLogo-valmis-2024-09-08-kello-15.30.00-768x844.png 768w\" sizes=\"(max-width: 1252px) 100vw, 1252px\" \/>\t\t\t\t\t\t\t\t\t\t\t\t\t\t\t<\/div>\n\t\t\t\t<\/div>\n\t\t\t\t<\/div>\n\t\t\t\t\t<\/div>\n\t\t\t\t<\/div>\n\t\t<div class=\"elementor-element elementor-element-f70f42a e-flex e-con-boxed e-con e-parent\" data-id=\"f70f42a\" data-element_type=\"container\">\n\t\t\t\t\t<div class=\"e-con-inner\">\n\t\t\t\t<div class=\"elementor-element elementor-element-a1aa875 elementor-widget elementor-widget-heading\" data-id=\"a1aa875\" data-element_type=\"widget\" data-widget_type=\"heading.default\">\n\t\t\t\t<div class=\"elementor-widget-container\">\n\t\t\t\t\t<h4 class=\"elementor-heading-title elementor-size-default\"><h4>Alla olevan lomakkeen kautta saat helposti yhteytt\u00e4 meihin.<\/span><\/h4><\/h4>\t\t\t\t<\/div>\n\t\t\t\t<\/div>\n\t\t\t\t\t<\/div>\n\t\t\t\t<\/div>\n\t\t<div class=\"elementor-element elementor-element-0352774 e-con-full e-flex e-con e-parent\" data-id=\"0352774\" data-element_type=\"container\">\n\t\t\t\t<div class=\"elementor-element elementor-element-ca562e3 elementor-widget elementor-widget-wpforms\" data-id=\"ca562e3\" data-element_type=\"widget\" data-widget_type=\"wpforms.default\">\n\t\t\t\t<div class=\"elementor-widget-container\">\n\t\t\t\t\t<style id=\"wpforms-css-vars-elementor-widget-ca562e3\">\n\t\t\t\t.elementor-widget-wpforms.elementor-element-ca562e3 {\n\t\t\t\t--wpforms-field-size-input-height: 43px;\n--wpforms-field-size-input-spacing: 15px;\n--wpforms-field-size-font-size: 16px;\n--wpforms-field-size-line-height: 19px;\n--wpforms-field-size-padding-h: 14px;\n--wpforms-field-size-checkbox-size: 16px;\n--wpforms-field-size-sublabel-spacing: 5px;\n--wpforms-field-size-icon-size: 1;\n--wpforms-label-size-font-size: 16px;\n--wpforms-label-size-line-height: 19px;\n--wpforms-label-size-sublabel-font-size: 14px;\n--wpforms-label-size-sublabel-line-height: 17px;\n--wpforms-button-size-font-size: 17px;\n--wpforms-button-size-height: 41px;\n--wpforms-button-size-padding-h: 15px;\n--wpforms-button-size-margin-top: 10px;\n\n\t\t\t}\n\t\t\t<\/style><div class=\"wpforms-container wpforms-container-full wpforms-render-modern\" id=\"wpforms-25\"><form id=\"wpforms-form-25\" class=\"wpforms-validate wpforms-form wpforms-ajax-form\" data-formid=\"25\" method=\"post\" enctype=\"multipart\/form-data\" action=\"\/etusivu\/wp-json\/wp\/v2\/pages\/7\" data-token=\"64c42a9628f0dddd1cd7d243a872e130\" data-token-time=\"1778606635\"><noscript class=\"wpforms-error-noscript\">Please enable JavaScript in your browser to complete this form.<\/noscript><div class=\"wpforms-hidden\" id=\"wpforms-error-noscript\">Please enable JavaScript in your browser to complete this form.<\/div><div class=\"wpforms-field-container\"><div id=\"wpforms-25-field_1-container\" class=\"wpforms-field wpforms-field-name\" data-field-id=\"1\"><label class=\"wpforms-field-label\" for=\"wpforms-25-field_1\">Nimi \/ Name <span class=\"wpforms-required-label\" aria-hidden=\"true\">*<\/span><\/label><input type=\"text\" id=\"wpforms-25-field_1\" class=\"wpforms-field-medium wpforms-field-required\" name=\"wpforms[fields][1]\" aria-errormessage=\"wpforms-25-field_1-error\" required><\/div><div id=\"wpforms-25-field_4-container\" class=\"wpforms-field wpforms-field-text\" data-field-id=\"4\"><label class=\"wpforms-field-label\" for=\"wpforms-25-field_4\">Puhelinumero \/ Phone Number <span class=\"wpforms-required-label\" aria-hidden=\"true\">*<\/span><\/label><input type=\"text\" id=\"wpforms-25-field_4\" class=\"wpforms-field-medium wpforms-field-required\" name=\"wpforms[fields][4]\" aria-errormessage=\"wpforms-25-field_4-error\" required><\/div><div id=\"wpforms-25-field_2-container\" class=\"wpforms-field wpforms-field-email\" data-field-id=\"2\"><label class=\"wpforms-field-label\" for=\"wpforms-25-field_2\">S\u00e4hk\u00f6postiosoite \/ Email Address <span class=\"wpforms-required-label\" aria-hidden=\"true\">*<\/span><\/label><input type=\"email\" id=\"wpforms-25-field_2\" class=\"wpforms-field-medium wpforms-field-required\" name=\"wpforms[fields][2]\" spellcheck=\"false\" aria-errormessage=\"wpforms-25-field_2-error\" required><\/div><div id=\"wpforms-25-field_3-container\" class=\"wpforms-field wpforms-field-textarea\" data-field-id=\"3\"><label class=\"wpforms-field-label\" for=\"wpforms-25-field_3\">Viesti \/ Message<\/label><textarea id=\"wpforms-25-field_3\" class=\"wpforms-field-medium\" name=\"wpforms[fields][3]\" aria-errormessage=\"wpforms-25-field_3-error\" aria-describedby=\"wpforms-25-field_3-description\" ><\/textarea><div id=\"wpforms-25-field_3-description\" class=\"wpforms-field-description\">T\u00e4h\u00e4n voit kirjoittaa viestisi ja yhteystietosi. Palaamme mahdollisimman pian asiaan! \/ Thank you for reaching out to us. We will get back shortly!<\/div><\/div><\/div><!-- .wpforms-field-container --><div class=\"wpforms-submit-container\" ><input type=\"hidden\" name=\"wpforms[id]\" value=\"25\"><input type=\"hidden\" name=\"page_title\" value=\"\"><input type=\"hidden\" name=\"page_url\" value=\"https:\/\/trukkisikanen.fi\/etusivu\/wp-json\/wp\/v2\/pages\/7\"><button type=\"submit\" name=\"wpforms[submit]\" id=\"wpforms-submit-25\" class=\"wpforms-submit\" data-alt-text=\"L\u00e4hetet\u00e4\u00e4n... Sending...\" data-submit-text=\"L\u00e4het\u00e4 \/ Send\" aria-live=\"assertive\" value=\"wpforms-submit\">L\u00e4het\u00e4 \/ Send<\/button><img decoding=\"async\" src=\"https:\/\/trukkisikanen.fi\/wp-content\/plugins\/wpforms-lite\/assets\/images\/submit-spin.svg\" class=\"wpforms-submit-spinner\" style=\"display: none;\" width=\"26\" height=\"26\" alt=\"Loading\"><\/div><\/form><\/div>  <!-- .wpforms-container -->\t\t\t\t<\/div>\n\t\t\t\t<\/div>\n\t\t\t\t<\/div>\n\t\t\t\t<\/div>\n\t\t","protected":false},"excerpt":{"rendered":"<p>Onko yrityksell\u00e4si ty\u00f6turvallisuuteen tai trukkien turvalliseen k\u00e4ytt\u00f6\u00f6n liittyvi\u00e4 koulutustarpeita? Tarjoamme seuraavanlaisia koulutuksia: Verkkotrukkikoulutus,\u00a0 L\u00e4hitrukkikoulutus. My\u00f6s pelkk\u00e4 trukinajoharjoittelu mahdollisuus tarvittaessa ja siihen p\u00e4\u00e4lle esim. Teoriat verkossa. Kysy lis\u00e4\u00e4 jouni@trukkisikanen.fi p. 0405170155 &#8230;<\/p>\n","protected":false},"author":1,"featured_media":0,"parent":0,"menu_order":0,"comment_status":"closed","ping_status":"closed","template":"","meta":{"footnotes":""},"class_list":["post-7","page","type-page","status-publish","hentry"],"_links":{"self":[{"href":"https:\/\/trukkisikanen.fi\/etusivu\/wp-json\/wp\/v2\/pages\/7","targetHints":{"allow":["GET"]}}],"collection":[{"href":"https:\/\/trukkisikanen.fi\/etusivu\/wp-json\/wp\/v2\/pages"}],"about":[{"href":"https:\/\/trukkisikanen.fi\/etusivu\/wp-json\/wp\/v2\/types\/page"}],"author":[{"embeddable":true,"href":"https:\/\/trukkisikanen.fi\/etusivu\/wp-json\/wp\/v2\/users\/1"}],"replies":[{"embeddable":true,"href":"https:\/\/trukkisikanen.fi\/etusivu\/wp-json\/wp\/v2\/comments?post=7"}],"version-history":[{"count":258,"href":"https:\/\/trukkisikanen.fi\/etusivu\/wp-json\/wp\/v2\/pages\/7\/revisions"}],"predecessor-version":[{"id":813,"href":"https:\/\/trukkisikanen.fi\/etusivu\/wp-json\/wp\/v2\/pages\/7\/revisions\/813"}],"wp:attachment":[{"href":"https:\/\/trukkisikanen.fi\/etusivu\/wp-json\/wp\/v2\/media?parent=7"}],"curies":[{"name":"wp","href":"https:\/\/api.w.org\/{rel}","templated":true}]}}